9*l + 56 = 38. List the prime factors of q(l).
5, 31
Suppose -8*o + 10*o = 4*d + 9472, 3*d - 18977 = -4*o. List the prime factors of o.
2, 2371
Let w = 28721 - 5171. List the prime factors of w.
2, 3, 5, 157
Let q = -24 + 38. Let d be 0 + 1 + 69 - (q - 16). Let n = d - 16. What are the prime factors of n?
2, 7
Suppose -3*y + 8*o = 5*o + 8208, -4*y = 4*o + 10912. Let p = -1880 - y. What are the prime factors of p?
2, 3, 71
Let c = 413 + -1344. Let w = c - -1425. What are the prime factors of w?
2, 13, 19
Suppose 3*i = 4*v + 3768 + 1708, 2*v + 3652 = 2*i. Suppose 4*u = z + i, 2*u + 9*z = 5*z + 896. List the prime factors of u.
2, 3, 19
List the prime factors of 0 + (-2639990)/(-125) + (-4)/(-50).
2, 3, 5, 11
Let v(n) = -104*n + 363. Let l(p) = 51*p - 181. Let o(q) = 5*l(q) + 2*v(q). What are the prime factors of o(25)?
2, 3, 83
Let f(x) = 8*x + 19 - 6 - 19. Let z be f(12). Let s = z - 40. What are the prime factors of s?
2, 5
Suppose -8*i + 23 = -1. Let g(f) = f**2 - 6*f + 11. Let l be g(i). What are the prime factors of 1/l + (-287)/(-14)?
3, 7
Suppose -5*o + 83 + 37 = 0. Let q(s) = -3*s + 6*s**2 - o + 3*s**2 - 8*s**2. What are the prime factors of q(-7)?
2, 23
Let y(u) = 2*u + 23. Let o be y(-9). Suppose 37 = -2*d - 2*r - 31, d + o*r = -50. What are the prime factors of (-144)/d*140/6?
2, 7
Let b = 6701 - -5167. What are the prime factors of b?
2, 3, 23, 43
Suppose 0 = 2*t + z - 3487, 139*t - z + 5230 = 142*t. List the prime factors of t.
3, 7, 83
Suppose -5*j - 10 = -5*q, 3*q - 2*j + 0 = 4. Suppose -5*z - 25 = 5*n, -3*z + q*n = -n + 15. Let v(g) = 2*g**2 - 7*g. What are the prime factors of v(z)?
5, 17
Let z = -825 - -824. Let j = 13 + -8. What are the prime factors of (z + 65)/(-4 + j)?
2
Suppose -9*q = -4*q - 5. List the prime factors of -1 - -4 - (-203 + 4 - q).
7, 29
Suppose -2*y - 14 = 0, 13662 = 5*u - 2*y - 8107. List the prime factors of u.
19, 229
Let d be (-30)/20 - (-22)/4. Suppose 6 = -3*v - 2*v - 4*w, -5*w - 28 = -d*v. Suppose j - v*u - 110 = 0, 3*u = -5*j - u + 550. What are the prime factors of j?
2, 5, 11
List the prime factors of ((-434)/84)/(5/(-1830)).
31, 61
Let y(n) = n**3 - 9*n**2 - 9*n. Let i be y(10). List the prime factors of 7*i/35*229.
2, 229
Let r(x) = -3*x**2 - 11*x - 69. Let u be r(18). Let c = u - -2291. What are the prime factors of c?
2, 263
Let d(f) = -389*f + 1194. What are the prime factors of d(-30)?
2, 3, 67
Let z(t) = 4*t + 57. Let s be z(-14). Let w = -1 + s. Suppose 2*k - 75 = -2*n + 1, -5*k - 4*n + 189 = w. What are the prime factors of k?
37
Let o(b) = -6*b - 6. Let s = 2 - 11. Let q be 2/s - (0 + (-86)/(-18)). List the prime factors of o(q).
2, 3
Suppose -81*o = -641836 - 112274. What are the prime factors of o?
2, 5, 7, 19
Let f(h) = 30*h**3 + 3*h**2 + 6*h + 3. Let q be f(-2). Let s = q + 43. Let t = -59 - s. What are the prime factors of t?
3, 5
Let l(v) = 2*v**2 + 9*v + 9. Let c be l(-9). Let f be 2 - 54/30 - (-1)/(-5). Suppose f = -3*z + 42 + c. What are the prime factors of z?
2, 11
Let p(u) be the third derivative of 43*u**4/12 - 37*u**3/3 - 154*u**2. List the prime factors of p(2).
2, 7
Let h(p) = 5 + 19*p - 14*p - 7*p + 21*p**2 - 5*p. List the prime factors of h(3).
173
Let l(h) = -h**2 - 17*h - 51. Let c be l(-12). Let s be 6/(-10) + c/15. Suppose -z - z + 84 = -4*o, s = -4*z - 4*o + 156. List the prime factors of z.
2, 5
Let g(n) = n**2 + 22*n + 46. Let v be g(-20). Let i(h) = h**3 + h**2 + 3*h - 15. List the prime factors of i(v).
3, 5, 17
Let z(b) = 8108*b - 1115. What are the prime factors of z(4)?
3, 11, 13, 73
Let l(q) = 236*q + 633. What are the prime factors of l(43)?
10781
Suppose 0 = -3*q + 2*u - 6*u + 723, 3*u = 4*q - 964. Suppose -315 = -4*j + 265. Let t = q - j. List the prime factors of t.
2, 3
Let t be (-15648)/(-64)*(-7 - -1). Let n = -1039 - t. List the prime factors of n.
2, 107
Let t be ((1 - 3) + 18)/2. Suppose 3*d + 2*n - 26 = 0, -3*d + t = 4*n - 8. List the prime factors of 134*3/8 - 3/d.
2, 5
Suppose 0 = 14978*a - 14990*a - 96. Let f = 1 - 2. List the prime factors of (-4)/a*274*f/(-1).
137
Let a be (-39)/(((-3)/(-12))/(13/(-12))). Let x be (a/(-4)*(-11 + 7))/1. Suppose -5*u = -3*w + x + 5, -3*w + 174 = 2*u. List the prime factors of w.
2, 29
Suppose 4*r + 17 + 355 = -3*x, -4*x = -2*r + 496. Suppose -5*j + 5*o + 75 = -110, -5*j + 187 = -4*o. Let v = j - x. What are the prime factors of v?
163
Let g(o) = -o**2 - 30*o - 206. Let v(h) = h**2 + 31*h + 209. Let m(w) = 3*g(w) + 4*v(w). What are the prime factors of m(-49)?
953
Let y = -7510 + 12314. Suppose 0 = 15*z + 1204 - y. What are the prime factors of z?
2, 3, 5
Suppose 4*l - 4282 = -4*d + 20106, -3*d + 18281 = 5*l. List the prime factors of d.
2, 3, 113
Suppose 65*h - 7*h - 3*h = 1079595. What are the prime factors of h?
3, 727
Suppose 32*w - 426*w + 12897590 = 0. What are the prime factors of w?
5, 6547
Suppose -1 = -2*x + 3*l, 5*x - x + 5*l - 35 = 0. Suppose x = 4*g + k + 2*k, 0 = 4*g - 4*k - 12. Suppose -496 = g*h - 6*h. What are the prime factors of h?
2, 31
Suppose -1158 = 69*v - 63*v. Let d = 542 + v. What are the prime factors of d?
349
Suppose 4*l - 762 = -3*y, -7*l + 2*l = -4*y - 968. Suppose 0 = -q - 3*q + l. Let v = q + 64. List the prime factors of v.
2, 7
Let l(u) = 7*u**2 - 126*u - 1225. What are the prime factors of l(-22)?
3, 5, 7, 47
Suppose -86*u + 1099727 + 244969 = 0. What are the prime factors of u?
2, 3, 1303
Suppose -4*t - 4*v = -8436, -4*t = -6*t + 2*v + 4230. List the prime factors of t.
2, 3, 11
Suppose 0 = r - 3, -5*o + 0 = 5*r - 35. Suppose 18*g = -u + 17*g + 986, -3899 = -o*u + 5*g. What are the prime factors of u?
3, 109
Suppose -3*d = 4*o - 100558, 44*d - 41*d = -2*o + 100574. What are the prime factors of d?
2, 5, 7, 479
Let m(r) = 28*r**3 - 3*r**2 + 31*r - 132. Let g be m(5). Let c = -1355 + g. What are the prime factors of c?
7, 13, 23
Let a(h) = -158*h**2 + 8*h + 2*h + 157*h**2 + 3. Let f be a(10). Suppose -f*x = -0*x - 168. List the prime factors of x.
2, 7
Suppose h + 4*g - 176 = 30, 590 = 3*h - 2*g. Suppose h*m = 192*m + 6528. List the prime factors of m.
2, 17
Let h = -8761 - -5167. Let m be h/36 + 2/(-12). What are the prime factors of (-1)/(-10) - 7590/m?
2, 19
List the prime factors of (35 + -39)/(8/6*2/(-11852)).
2, 3, 2963
Let w(t) = t**2 - 12*t - 173. Let n be w(-29). What are the prime factors of n - 7/(7/8)?
2, 3, 7
Let z(g) = 615*g**2 - 412*g - 5. What are the prime factors of z(4)?
3, 2729
Let c(n) = 19*n + 40. Let p be c(12). Let v(r) = 4*r + 267*r**2 + 7*r - 4 - p*r**2. What are the prime factors of v(4)?
2, 3
Let o(i) = 3*i**3 - 2*i**2 - 27*i + 44. Suppose t = -3*v - 2*v + 32, 3*v - 26 = -4*t. What are the prime factors of o(v)?
2, 229
Let h be ((-80)/(-200))/((-1)/870). Let f = 909 + h. What are the prime factors of f?
3, 11, 17
Let m be (((-36)/21)/2)/((-6)/28). Let n(g) = 34*g**2 + 36*g - 3. What are the prime factors of n(m)?
5, 137
Let c(p) = p**3 - 15*p**2 + 18*p + 26. Suppose 17*v + 23 = 261. Let y be c(v). Let l = y + -68. What are the prime factors of l?
2, 7
Let d(f) = 4*f**2 + 13*f - 69. Let s be d(11). Suppose -s = -2*q - 76. Let w = q - 113. What are the prime factors of w?
2
Let f(j) be the first derivative of -7*j**2/2 + 65*j + 1. Suppose -2*m + 11*m - 94 = -256. List the prime factors of f(m).
191
Let a(r) = 496*r + 17. Let t be a(1). Suppose s + 2045 = 4*o, o + 0*s - t = 2*s. List the prime factors of o.
7, 73
Suppose 3*s + 5*v - 10 = 4*s, 4*s - 4*v = -8. Let l(h) = -h**2 - h + 54. Let t be l(s). Suppose -t = -b + 7. What are the prime factors of b?
61
Let q = 3 - 4. Let o(m) = -4 + 18*m - 44*m + 5 + 25*m. What are the prime factors of o(q)?
2
Let x = -45 - -51. Let f be 12/(-18) + (-8)/x + 1. What are the prime factors of 134 + (0 + (-2)/f - 0)?
2, 17
Suppose -c + 117 = -2*c - n, -c + 2*n = 117. Let y = c + 585. What are the prime factors of y?
2, 3, 13
List the prime factors of (((-462)/(-140))/(6/(-13045)))/((-11)/44).
11, 2609
Let d = 6 + -1. Suppose -y + 10*f - 15*f = -641, f = 2*y - 1304. Suppose 2*s + d*s - y = 0. What are the prime factors of s?
3, 31
Let g(s) = s**2 - 5*s + 10. Let j be g(3). Suppose -3*w - 2*p + 1090 = -6*p, j*w + 3*p = 1495. List the prime factors of w.
2, 5, 37
Let a be 19/(-6) + 55/(-66). Let g(l) = 2*l**2 - 4*l - 2